pose 0 = -14*m + 10*m - 36. Let t be (-1410)/(-4) + m/6. Calculate the highest common divisor of t and 26.
13
Let z = -2331 + 4707. Calculate the greatest common factor of 88 and z.
88
Let q = 1507 - 1476. Calculate the greatest common divisor of 899 and q.
31
Suppose 1400 = -6*w - 3196. Let x = w - -1074. Calculate the highest common divisor of x and 56.
28
Suppose 0 = 3*t - 9 - 6. Let s be t + ((-2)/1 - -1). Suppose -s*w = 14 - 218. What is the highest common divisor of w and 34?
17
Suppose 2*v - 5*q = 22 + 235, -q - 5 = 0. Suppose 2*t = 6*t - v. Suppose -40 = t*b - 34*b. Calculate the highest common divisor of 8 and b.
8
Suppose 0 = 2*z - 4*r - 34, -5*z + 37 = 3*r - 74. Suppose 3*a = -2*a + 840. What is the highest common divisor of z and a?
21
Let m be ((-5)/(45/102))/((-1)/3). Suppose 9*x - 14 - 13 = 0. Suppose 9*f - 4*f = -2*d + 81, 57 = x*f - 3*d. What is the highest common divisor of f and m?
17
Suppose -2058 = -4*g - 394. Suppose -2*h + 557 = 5*m, 26*m - 527 = -2*h + 27*m. Let l = g - h. What is the highest common factor of l and 15?
15
Suppose 4*o - 518 = o + 5*z, 4*z + 350 = 2*o. What is the greatest common divisor of o and 2921?
23
Suppose -i - 5*i - 4158 = 0. Let k be i*((-1)/(-2))/((-30)/20). What is the highest common factor of 21 and k?
21
Let j = 3265 + -3223. Let d = 2 + -3. Let p be (7/(-2))/(d/60). What is the highest common factor of p and j?
42
Let r = 33 - -24. Let f be (-2)/(-12) - (-15)/(-90). Suppose -8*q + 238 - 86 = f. Calculate the highest common divisor of r and q.
19
Suppose 5*x - g = 194638, -3*g - 50338 + 11416 = -x. What is the highest common factor of 48 and x?
48
Let g be 124/8 - (-1)/(-2). Let d(l) be the first derivative of 14*l**2 - 24*l + 291. Let r be d(3). Calculate the highest common divisor of r and g.
15
Let y(z) = 33 + 5 + 1 - 3*z. Suppose -6406 = 10*s - 6466. Let a be y(s). What is the greatest common divisor of a and 35?
7
Let r(w) = w**3 + 3*w**2 - 7*w - 10. Let s be r(-4). Suppose -s*t + t = 98. Let u be (10/(-20))/(2 - t/(-48)). Calculate the highest common divisor of 12 and u.
12
Let p(t) = 178*t + 2. Let d be p(1). Suppose -3*r + 2 = -1. Let g(m) = 45*m**3 - m**2 - 2*m + 3. Let x be g(r). What is the greatest common factor of x and d?
45
Let o = 2633 + -2451. What is the highest common divisor of 286 and o?
26
Let q = 5162 - -3532. What is the highest common divisor of 69 and q?
69
Let n be (103536/62 + 126/1953)*1. What is the greatest common factor of 10 and n?
10
Let v = 275 - 266. Suppose k + 3 = 0, -k + 6 = v*z - 6*z. What is the greatest common divisor of 78 and z?
3
Let o = -14 + 14. Suppose o = 4*r + 5*z - 155 - 161, 3*z = 3*r - 264. Let d = r + -65. Calculate the highest common factor of d and 152.
19
Suppose 424*l = 451*l - 5022. Suppose 0 = 2*b + r - 311, r - 4*r = -2*b + 307. Calculate the greatest common divisor of l and b.
31
Let g be 9/(-2)*(-4)/6. Let v be 330/143*(114/12 - 3). What is the highest common factor of v and g?
3
Let u(q) = 2*q**2 - 183*q + 1414. Let g be u(84). What is the greatest common divisor of 2552 and g?
22
Let x(w) = -2*w**3 - 8*w**2 - w - 6. Suppose -48 = 10*z - 14*z. Let p = z - 17. Let y be x(p). Calculate the greatest common divisor of 7 and y.
7
Let m(n) = -n**3 + 7*n**2 + 10*n - 10. Let j be m(7). Let c be (4 + 32/(-10))*1*j. Calculate the greatest common factor of c and 384.
48
Let s(x) = -144*x**3 - 2*x**2 - 3*x - 2. Let u be s(-1). Suppose 0 = -15*h + 54 + 141. Calculate the highest common factor of u and h.
13
Let x be ((-70)/(-20))/(2/(-16)). Let v = -102 - x. Let c = v + 116. What is the greatest common factor of 21 and c?
21
Let t be (-1)/8 + 1729/2184 + 962/6. Calculate the greatest common factor of t and 5957.
161
Let y(s) = -12*s + 7. Let w be y(-4). Suppose 3*a - 2 = 5*a, -3*x - 47 = -a. Let j be (2/2 - 6)*(-17 - x). What is the highest common divisor of j and w?
5
Suppose 2598 = 28*i - 22*i. Let m = i + -189. Calculate the highest common factor of 61 and m.
61
Let n = -4667 - -4875. What is the highest common factor of 247 and n?
13
Suppose -47*w + 51*w = 142*w - 34086. What is the greatest common divisor of w and 39?
13
Let n(p) = p**2 + 5*p - 3. Let g be n(-6). Suppose g*f = 8*f - 165. Let i = -303 + 306. What is the highest common divisor of i and f?
3
Let d be -42*(1 + 8/(-3)). Suppose 3321*y + 4*g - 350 = 3319*y, -3*y = -2*g - 525. Calculate the greatest common factor of d and y.
35
Let b = 47 - -49. Let u be 40 + 0/(-6) + -4. Calculate the greatest common factor of u and b.
12
Suppose 0 = i + 4 - 2. Let g = 9 + i. Let y be 0 + 0 + 5 - 8*24/(-96). Calculate the greatest common factor of y and g.
7
Suppose -8*u = -3*u - 30. Suppose 2527 = s + u*s. Let b = -136 + s. What is the greatest common divisor of 25 and b?
25
Let w = 693 + -385. Suppose 2*p + 4*d = -9 + 27, -4*d = 5*p - 33. Suppose p*c - g - 125 = 2*g, -3*g - 41 = -2*c. What is the greatest common divisor of w and c?
28
Let y = 39720 - 39678. Calculate the highest common divisor of y and 3549.
21
Suppose -63447 = 53*k - 255678. What is the highest common divisor of k and 117?
117
Let c(o) = 3*o**2 + 22*o - 61. Let r be c(-13). Calculate the highest common divisor of 100 and r.
20
Let i(j) = 3*j**3 - 21*j**2 + 77*j - 46. Let o be i(10). What is the highest common divisor of 7 and o?
7
Let t be -4 + (28 - 16) + (-1 - -9). What is the greatest common factor of 904 and t?
8
Let m be (565/15)/((-2)/12). Let z = m - -815. Calculate the highest common divisor of z and 19.
19
Let q(i) = -2*i**3 - 31*i**2 - 44*i - 1. Let g be q(-15). What is the greatest common divisor of 49 and g?
7
Let x be (-20)/(-3) - (-22)/(-33). Suppose x*w - 520 = w. Suppose -3*c + w = -c. What is the highest common factor of c and 13?
13
Let v be (-132)/8*6/(-9). Suppose 22 = -2*s + 112. Let u = s - -10. What is the highest common divisor of v and u?
11
Let v = 8738 - 6402. What is the highest common divisor of 730 and v?
146
Let r be (9/6)/(1/(-24)). Let v be 0 + (-1)/(-4) - 63/r. Calculate the greatest common divisor of 50 and v.
2
Suppose -5 = 5*p, 5*f - 45 - 106 = p. Suppose 5*i - f = -3*x + 3*i, -2*i = -5*x + 50. Calculate the greatest common factor of 260 and x.
10
Let a = 18680 - 18584. What is the greatest common divisor of a and 1032?
24
Suppose -31*q + 30*q = 4*i - 605, i + 3*q - 143 = 0. What is the greatest common divisor of 12616 and i?
152
Let v(q) = q**2 + 12*q + 37. Let d be v(-5). Suppose -d*r - 4*x = -54, -4*x - 179 = -5*r - 3*x. What is the greatest common factor of 91 and r?
7
Let b = -3118 - -5784. What is the greatest common divisor of b and 172?
86
Suppose -3*z = 0, 0*z - 4*z - 572 = -v. Let w be 48168/1080 - (9/5)/3. What is the greatest common factor of w and v?
44
Let b = -27 - -39. Let p(g) = 63 - 13*g**2 - 116 + 14*g + g**3 + 61. Let s be p(b). What is the highest common divisor of s and 256?
32
Let q(b) = 1205*b - 12033. Let m be q(10). What is the highest common divisor of 6647 and m?
17
Let m = 248 - 349. Suppose -u - 242 = 3*a, 2*a + 77 + 77 = 3*u. Let x = a - m. What is the greatest common divisor of 56 and x?
7
Let z = 337 + -317. Suppose -57 = 3*m - w, 7*m - 2*m + 94 = 2*w. Let l = 28 + m. Calculate the greatest common divisor of l and z.
4
Let g(x) be the third derivative of -17*x**4/8 - 7*x**3 - 1508*x**2. Suppose -5*s - 12 = -2*s. Let f be g(s). What is the greatest common factor of f and 18?
18
Let f(m) = -25*m - 790. Let r be f(-37). What is the greatest common divisor of 1485 and r?
135
Let f = 578 - -543. What is the greatest common factor of 295 and f?
59
Suppose 6 = -4*y - 10, -5*i = y - 556. Suppose 15680 = 132*x + 113*x. What is the highest common factor of x and i?
16
Let g(z) = -2*z**3 - 2*z**2 + 2*z + 1. Let p be g(-3). Suppose p*m - 864 = 27*m. Calculate the highest common factor of 24 and m.
24
Let y be (-629)/(-2) - 3/(-6). Suppose -9*z - 235 = -685 + 135. What is the highest common factor of z and y?
35
Let m = 11199 - 10866. Calculate the greatest common factor of 52281 and m.
333
Suppose 33*w = 181*w - 18648. Calculate the greatest common factor of w and 2898.
126
Let n be ((-24)/(-10))/((-10)/(-25)). Suppose 6*k - 2184 = -n*k. Calculate the highest common divisor of k and 13.
13
Let m(v) = -2*v**2 + 348*v - 2655. Let i be m(8). What is the greatest co